 base 4.
-322003130312
What is 3c4924 (base 14) in base 8?
7754504
Convert -cc5b9 (base 13) to base 3.
-200210200011
Convert 101100100110110100010 (base 2) to base 13.
3c23bb
What is 2621132 (base 7) in base 4?
1103111231
14414124 (base 5) to base 3
21211122102
What is -1144412 (base 7) in base 16?
-238e5
Convert -4040240 (base 5) to base 11.
-44985
Convert 1222110121 (base 3) to base 4.
21201001
Convert 931306 (base 12) to base 11.
1333a20
Convert 1012120210002000 (base 3) to base 5.
13413113340
110111111001111111010000 (base 2) to base 5
12222433230
201302202113 (base 4) to base 15
b9e7bb
Convert -470a7 (base 12) to base 7.
-544312
What is 2b6755 (base 13) in base 10?
1071192
-30033000 (base 5) to base 8
-716121
What is 2102033333 (base 4) in base 2?
10010010001111111111
Convert -bf9ad (base 16) to base 14.
-166021
What is -18b84 (base 14) in base 13?
-22686
What is -23132444 (base 5) in base 3?
-101121000012
187021 (base 13) to base 8
2261423
What is 349bd (base 16) in base 11?
137996
Convert -1122310010 (base 4) to base 10.
-371972
What is -4847573 (base 11) in base 5?
-4130140333
What is -3471667 (base 8) in base 16?
-e73b7
55cb (base 15) to base 8
43417
Convert 3322013120 (base 4) to base 16.
fa1d8
Convert 15501125 (base 6) to base 3.
1001001200222
What is 5d5e3 (base 15) in base 6?
10221110
-23422774 (base 8) to base 12
-186ba24
30033012 (base 5) to base 16
39c58
What is 162788 (base 11) in base 8?
755126
What is 300204 (base 6) in base 10?
23404
Convert -17410a (base 11) to base 4.
-1001223001
-29177a (base 12) to base 9
-1256484
212011203111 (base 4) to base 5
10023443323
2110212122200 (base 3) to base 9
2425580
-18c1b (base 16) to base 4
-120300123
What is -1c016c0 (base 13) in base 11?
-5272529
Convert -20087a (base 16) to base 5.
-1014134242
-213300330011 (base 4) to base 8
-47607405
-100221020022 (base 3) to base 16
-2fbd6
5799ec (base 15) to base 4
33331131000
Convert 1100011011000010011 (base 2) to base 10.
407059
What is -2244052 (base 9) in base 11?
-757260
-6c07 (base 13) to base 11
-10484
786815 (base 9) to base 2
1110010111101010011
What is -1101101010000011010111 (base 2) in base 3?
-20201220000000
What is -1110101110101011 (base 2) in base 6?
-1143151
14003115 (base 6) to base 7
3654155
Convert -20322024 (base 5) to base 12.
-80883
Convert -1001940 (base 10) to base 14.
-1c11d2
What is -341cd (base 15) in base 13?
-5a604
27c59 (base 15) to base 10
127659
What is -1111111001001001011000 (base 2) in base 12?
-148b020
Convert 986cb (base 13) to base 11.
179243
-24544306 (base 8) to base 9
-11178156
What is ab6d (base 14) in base 6?
345245
What is 79fc52 (base 16) in base 4?
132133301102
What is -100000011000100010100111 (base 2) in base 4?
-200120202213
Convert 60682 (base 12) to base 4.
132213002
What is -100122313 (base 4) in base 15?
-14dda
What is -20102315 (base 6) in base 8?
-2125607
What is -94835 (base 14) in base 9?
-605480
What is -102220210110 (base 3) in base 5?
-30001323
What is 48494a (base 13) in base 12?
6b1853
What is 60d38 (base 14) in base 4?
320322012
What is 10312303 (base 6) in base 7?
2410341
What is -22201012 (base 5) in base 14?
-5092a
-11001110111101001011 (base 2) to base 11
-529979
What is 2373016 (base 8) in base 12?
275952
What is 18740506 (base 9) in base 13?
1c69614
Convert -28221 (base 11) to base 3.
-2001010201
-a3be2 (base 16) to base 14
-1365c6
Convert 16436520 (base 7) to base 12.
655609
131230202 (base 5) to base 11
403500
102320664 (base 7) to base 12
2040526
-112101211 (base 4) to base 8
-262145
-1121021200 (base 3) to base 14
-b6dc
What is -220440434 (base 5) in base 14?
-1ab243
What is -4707546 (base 9) in base 7?
-30425553
Convert 1111010011001001001001 (base 2) to base 4.
33103021021
What is 9186585 (base 10) in base 4?
203002310121
eb48 (base 15) to base 11
34457
What is -231c (base 13) in base 16?
-133e
What is 22223203 (base 4) in base 6?
534311
-1133156 (base 9) to base 8
-2254214
Convert -37271 (base 13) to base 4.
-120301310
-3a644 (base 14) to base 7
-1136414
What is 43950 (base 11) in base 9?
106338
Convert -2000330021 (base 5) to base 15.
-525b26
Convert 110011011000010011010 (base 2) to base 8.
6330232
-91754 (base 16) to base 5
-123031141
Convert 164250314 (base 7) to base 3.
210010011021122
What is -2432442332 (base 5) in base 3?
-101211010010111
-8addd8 (base 16) to base 9
-18110805
-8223540 (base 10) to base 6
-452131540
969a6a (base 11) to base 5
344104240
What is 2a834 (base 14) in base 6?
2134114
What is -212221020120 (base 3) in base 10?
-471111
Convert 40e8 (base 15) to base 3.
200211002
Convert 1245 (base 11) to base 13.
97a
-166376 (base 12) to base 14
-9ddc6
What is -5a1c59 (base 14) in base 8?
-13574467
What is 3541b6 (base 12) in base 5?
204413440
-48341 (base 14) to base 5
-21120021
What is -31186808 (base 9) in base 16?
-e4d5b3
c3c5a4 (base 16) to base 3
220010211121111
What is -193dec (base 15) in base 10?
-1228272
Convert -422420243 (base 5) to base 14.
-33cb15
What is 112110210000202 (base 3) in base 14?
1043151
Convert 19314a (base 13) to base 2.
10011011000100011100
-3404233 (base 6) to base 10
-172029
-1134956 (base 10) to base 15
-17643b
-11110011011011110 (base 2) to base 5
-12442023
Convert -3c9484 (base 15) to base 6.
-142304424
Convert 2011101221022 (base 3) to base 16.
118a93
Convert 203320324 (base 5) to base 2.
11001100110010110111
-2310303023 (base 4) to base 2
-10110100110011001011
What is -11210121 (base 7) in base 11?
-608269
Convert -7cd92 (base 16) to base 10.
-511378
What is -5425020 (base 6) in base 8?
-1013444
-10011110010000111 (base 2) to base 13
-2ab62
Convert -13320206 (base 8) to base 9.
-5556720
What is 6101404 (base 7) in base 8?
2604454
What is 2225560 (base 8) in base 3?
1010112100012
What is -101111111100011101 (base 2) in base 5?
-22241011
What is 2565406 (base 9) in base 7?
14624625
855720 (base 9) to base 13
14ab49
What is 130199 (base 10) in base 12?
6341b
Convert 1b95b (base 12) to base 13.
15935
-753521 (base 10) to base 9
-1367565
Convert -37221 (base 13) to base 15.
-200bc
223230010223 (base 4) to base 13
24acb71
Convert -42421 (base 12) to base 2.
-10101001111011001
Convert -8b6a (base 15) to base 6.
-344531
What is 1011512 (base 7) in base 14?
31d79
401611 (base 8) to base 5
13210402
What is -20518706 (base 9) in base 14?
-1450645
Convert 878788a (base 11) to base 5.
12422133411
Convert 199720 (base 10) to base 12.
976b4
What is -499b55 (base 13) in base 12?
-710957
What is 1000100201212 (base 3) in base 14?
100390
-32110311 (base 5) to base 6
-5435252
What is 747473 (base 9) in base 11?
284439
Convert 4836b5 (base 14) to base 7.
26656615
4082584 (base 10) to base 12
144a734
What is 856627 (base 9) in base 6?
14533254
-64d3 (base 16) to base 7
-135152
-661a1 (base 12) to base 11
-92512
What is 13200220301 (base 4) in base 8?
7405061
Convert 1a9454 (base 11) to base 16.
4e1ef
Convert 332424232 (base 5) to base 6.
51041213
Convert 7d0016 (base 14) to base 11.
2452832
330412 (base 9) to base 8
601055
Convert 11100110001010110101010 (base 2) to base 13.
1740c42
-2427a1 (base 12) to base 3
-1002201201211
Convert -1fa3a8 (base 16) to base 15.
-2ae592
Convert -59a975 (base 11) to base 13.
-274129
-420304 (base 5) to base 6
-144005
Convert 22998 (base 11) to base 10.
33140
-12032303 (base 5) to base 11
-76915
Convert -14403453 (base 6) to base 15.
-9ca79
1510500 (base 8) to base 9
725352
What is 5802ac (base 13) in base 12?
846a21
What is -244322324 (base 5) in base 14?
-225526
936044 (base 12) to base 5
1042441431
Convert -131580 (base 10) to base 16.
-201fc
-243433400 (base 5) to base 14
-22113d
What is 2551354 (base 6) in base 4?
201330112
-206515 (base 7) to base 12
-18961
131640 (base 9) to base 11
55102
-1010011000010100101 (base 2) to base 6
-11142405
Convert 5125310 (base 6) to base 2.
111011110001101010
What is -122102101110122 (base 3) in base 15?
-c2d47b
What is 1b4d6 (base 15) in base 16?
15b13
-3042134343 (base 5) to base 14
-b78923
Convert 934498 (base 11) to base 8.
5560241
-1e705 (base 15) to base 14
-2835d
-1233441 (base 9) to base 12
-28490a
What is 60136a (base 12) in base 11?
931434
What is 103341142 (base 6) in base 3?
10110220111022
-3102031033 (base 4) to base 14
-185ac7
What is 103fa (base 16)